et c = -119 + w. Is c a composite number?
False
Suppose -3*c + 4*q - 1 = -0, 0 = -2*c + 4*q - 6. Let j be (-1)/(((-1)/c)/1). Suppose 5*s - j*m = 178 + 307, 0 = 4*s + m - 388. Is s a prime number?
True
Let g = 67 - 205. Let q = -35 - g. Is q a composite number?
False
Let x = -711 + 1460. Is x composite?
True
Let b = 875 + -78. Is b prime?
True
Let l = -5 - -19. Suppose 0 = 4*r - 169 + 53. Let s = r + l. Is s a prime number?
True
Suppose -3*r + 5000 = 2*k, 2*r + 2507 = k - 0*r. Is k a composite number?
False
Suppose 3*j - 236 = 58. Let m = -40 + j. Is m a prime number?
False
Suppose -i = -4*i. Suppose i = 2*r - 4*f - 82, -r - 3*f = f - 29. Is r prime?
True
Let k(z) = -152*z**2 - 3*z - 6. Let t(r) = r**2 - 1. Let f(u) = -k(u) + 5*t(u). Is f(-2) a prime number?
False
Let z(d) = -d**3 + 4*d**2 + 3*d - 2. Let q = -7 + 12. Suppose -x - c = -4*x + 8, -3*c - 8 = -q*x. Is z(x) a prime number?
False
Let m be (-4143)/(-9) - 1/3. Suppose 2*d - 6 = m. Is d prime?
True
Let y be 2*2/(-3)*-57. Is (y/(-12))/((-2)/6) a prime number?
True
Let x(y) = -18*y + 11. Is x(-11) composite?
True
Let v = -21 + 34. Let g = v + 8. Is g a composite number?
True
Let s(z) be the first derivative of z**3/3 + 2*z + 8. Is s(-7) a composite number?
True
Let x be 0 + ((-4)/(-2) - -1). Let d = x + 0. Suppose y = -d*y + 132. Is y composite?
True
Suppose 2*t - 4*t = 0. Suppose 5*d = -2*n + 813, t = -3*n + 5 + 7. Is d prime?
False
Is (109 - -4)*(-2)/(-2) prime?
True
Let r be (-8 + -2)*(7 + 3). Let c = r + 153. Suppose 2*d - 117 = c. Is d prime?
False
Suppose 4*m - 883 = 3425. Is m a composite number?
True
Let n = 5 - 0. Let o be 20/(-8)*(-6)/n. Suppose 48 - 213 = -o*c. Is c composite?
True
Is (166 - -1 - 1)/((-4)/(-2)) composite?
False
Let k be (-1)/(-2)*(-4 + 20). Let w(p) = 19*p - 6. Is w(k) a composite number?
True
Let n be 2301/5 - (-7)/(-35). Suppose -6*k = -2*k - n. Is k composite?
True
Let z(u) = -2*u**3 + 4*u**2 + 2*u - 3. Let d be z(-3). Let m = 116 - d. Is m prime?
False
Let k = -13 + 48. Is k composite?
True
Suppose -b = b - 502. Is b a composite number?
False
Let q(a) = -13*a**2 - 14*a - 13. Let u(j) = -7*j**2 - 7*j - 7. Let d(s) = -6*q(s) + 11*u(s). Let l be d(-6). Let h = l + 9. Is h a composite number?
True
Let q(l) = 150*l**3 - 1. Let p(t) = -t**3 - 9*t**2 + t + 10. Let a be p(-9). Is q(a) a composite number?
False
Let y = 18 + -16. Let f be (-2)/(-7) + (-929)/(-7). Suppose y*r - f - 33 = 0. Is r a composite number?
False
Let f be -18*(-731)/(-6)*2. Is f/(-10) - (-4)/10 prime?
True
Let t be (-52)/(-6) + (-2)/(-6). Suppose -n - t = -2*n. Is n prime?
False
Suppose 0 = -7*l + 2075 + 3980. Is l prime?
False
Suppose -2*t + 3*s - 3 = 4, 31 = 4*t + 3*s. Suppose t*p - 6 = 22. Let u(z) = z**3 - 5*z**2 - 4*z - 3. Is u(p) composite?
False
Suppose -c - 5*n + n = -18, c - 2*n = 0. Suppose z - c = -2*z. Is ((-3)/9)/(z/(-678)) a prime number?
True
Let x(f) = 9*f - 9 - 3 + 2*f. Is x(9) a prime number?
False
Suppose -2*i = 2*y + 3*y - 6, 5*i - 3*y = 15. Is (-1)/(-3) + 338/i composite?
False
Let w(g) = -g**2 + 6*g - 5. Let y = -7 + 11. Is w(y) composite?
False
Let m = -17 - -29. Is 3845/6 - (-2)/m a prime number?
True
Suppose -17*t + 11997 = -8*t. Is t a composite number?
True
Suppose -2*y = 0, 0 = 5*d - y - y - 190. Is d composite?
True
Let w = 357 + 2156. Is w prime?
False
Let u = -87 - -197. Suppose 0*i = -3*i + 429. Let b = u + i. Is b a composite number?
True
Suppose -4*h + 1580 = -0*h. Is h a composite number?
True
Suppose -13 = -y - 6. Let d(s) = 3*s**2 - 4*s. Is d(y) a prime number?
False
Let a be (-1)/(((-3)/(-15))/1). Let b(r) = -7*r + 2. Let u be b(a). Let p = u + -22. Is p prime?
False
Suppose -5*x - 15 = 0, -s + 137 = -3*x + x. Is s prime?
True
Suppose -5*y - 3*o = -2000, 2*y + o - 784 = 3*o. Is y a composite number?
False
Let y(c) = -c**2 - 2*c + 1. Let r be y(1). Let f be (-86)/(-10) + r/(-5). Suppose f - 28 = -w. Is w a prime number?
True
Let h = -346 - -505. Is h prime?
False
Let m(x) = 20*x + 61. Is m(8) a composite number?
True
Suppose 4*v + 149 - 1785 = 0. Is v composite?
False
Let y(z) = 3*z**3 - 3*z**2 - 3*z + 1. Let g = 4 - 0. Is y(g) prime?
False
Suppose -3*v + 15 - 69 = 0. Let l = v + 41. Is l prime?
True
Let t be (1/2)/(1/4). Suppose 2*c + 5 = 13, 4*b = -3*c + 24. Suppose t*z - b*z = -13. Is z composite?
False
Let v be 15/(-25) - 1443/(-5). Suppose -3*m + v = -f, 62 = m - 3*f - 42. Is m composite?
True
Let r(k) = -17*k**2 + 6*k - 5. Let b be r(4). Let s = b - -700. Is s a composite number?
True
Let x = -7 - -3. Let z = x + 4. Is (1 - (z - -2)) + 22 a composite number?
True
Is ((-24260)/6)/(-2) - 6/9 prime?
False
Suppose -4*p + 2549 = 5*c, 0 = p + 2*p + 2*c - 1917. Is p a prime number?
True
Suppose -13 = -y + 19. Let a be -1 - (0 - -1)/(-1). Suppose -3*v + y + 1 = a. Is v composite?
False
Let r(y) be the first derivative of 1/4*y**4 + y**3 + 2 + 3/2*y**2 + 4*y. Is r(3) prime?
True
Is (3/3 - 2)*(-2794)/2 composite?
True
Suppose 4*t + 16 = 2*t. Let x(v) = -v - 5. Let g be x(t). Suppose 0*c = g*c - 39. Is c prime?
True
Let l(v) = 7*v + 17. Let g be l(-5). Suppose 3*x - f + 1563 = 0, x - 7*f + 3*f = -510. Is (6/g)/(2/x) a prime number?
False
Suppose 2*i = -4*v + 5988, -3*v - i = i - 4489. Is v prime?
True
Let u(k) = k**2 - 2*k + 3. Let g be u(2). Suppose -5*x = -g*w + 121, 2*w + 4*x - 51 = 15. Is w a prime number?
True
Let d(g) be the first derivative of 19*g**2/2 + 10*g + 8. Is d(7) prime?
False
Suppose 0 = -3*i - w + 136, -29 = -2*i + w + 70. Is i a composite number?
False
Let q(j) = 4*j - 3. Let m be q(5). Let y = 22 + m. Is y a composite number?
True
Suppose -2*u = 3*u - 185. Is u a prime number?
True
Let d be ((-8)/6)/((-2)/(-12)). Let h(m) = 2*m**2 - 2*m + 1. Is h(d) prime?
False
Let m(a) be the third derivative of -a**6/120 + 11*a**5/60 + 7*a**4/24 - a**3/3 - 2*a**2. Is m(9) a composite number?
False
Let i(u) = -3*u + 3*u**2 - 2 + 4*u - 2*u**2. Let s be i(2). Is s*((-221)/(-4) + -1) composite?
True
Is 3243/6 + (-3)/(-6) prime?
True
Let g = 19 - 8. Let r = -4 + -1. Let j = g + r. Is j a prime number?
False
Let p = -847 + 2058. Is p a prime number?
False
Let z(s) = -s**3 - 5*s**2 - 2*s - 7. Let o be z(-5). Let q = o + -6. Is (-25 - q)*(-10)/4 a prime number?
False
Let x = 9 - 7. Let u(m) = -x*m**3 + 0*m + m - m**2 + m**3 + 0*m**3 + 109. Is u(0) a prime number?
True
Suppose 119 + 49 = 2*g - 5*d, 2*d = 2*g - 162. Is g a composite number?
False
Let y be ((-10)/3)/(6/(-18)). Suppose -6*s + s = -y. Suppose -5*r = s*u - 245, 0*r - 3*u + 109 = 2*r. Is r composite?
False
Let w(p) be the second derivative of p**5/10 - p**4/12 - 3*p**2 + 3*p. Let v(f) = -f**2 - f - 1. Let d(a) = -2*v(a) + w(a). Is d(3) a prime number?
False
Suppose 4*f + 0 + 4 = 0. Let c be f + (-1)/1 - -2. Suppose 2*g + 4 + 4 = c, b + 2*g = 2. Is b a prime number?
False
Suppose -5*d = 3*x - 434, -2*d = 3*d - 3*x - 446. Is (d/(-20))/(2/(-10)) prime?
False
Is ((-11)/33)/(1/(-465)) a prime number?
False
Let r(w) = -469*w - 12. Is r(-5) prime?
True
Let x(t) be the first derivative of -19*t**2/2 - t + 1. Is x(-2) a composite number?
False
Is (2/6)/((-5)/(-16215)) composite?
True
Suppose -4*u - 20 = 0, 5*r - 2*u - 5 = 15. Let h be (r - 1)*5*-5. Is (1 + 10)/((-5)/h) composite?
True
Suppose 5*y = -2*l + 1105 + 741, y - 353 = 5*l. Let k = 765 - y. Is k a composite number?
False
Is (-8)/((-16)/22170)*(-4)/(-12) prime?
False
Suppose 60 = -w + 5*w. Is w a composite number?
True
Let o(z) = -z**3 - 5*z**2 + 5*z - 3. Let q be o(-6). Suppose -q*n = -5*f - 175, 6*n - 5*f = 4*n + 120. Is n composite?
True
Is (1/(2/1292))/((-2)/(-1)) prime?
False
Let w(l) = -l**2 - 2*l - 1. Let d(j) = j**2 + 6*j + 6. Let g be d(-4). Let f be w(g). Is (-68 - (f + 0))*-1 a prime number?
True
Let v be (-1)/((-1)/8 + 0). Suppose 2*o + 4*n - 4 = 0, -o - 2*n + 6*n = -v. Suppose o*a - 140 = w - 4*w, -2*w = -2*a + 84. Is a composite?
True
Suppose 2*a = 9 - 3. Suppose f - 16 = -a*f. Suppose z = 4, -f*z + 36 + 78 = 2*o. Is o prime?
False
Let s(p) = p**3 - 6*p**2 + 7*p - 4. Let n be s(6). Let l = n - 25. Is l composite?
False
Let o(z) = z**2 + 4*z + 13. Let w be o(-11). Is 4/30 + 2778/w prime?
True
Suppose -6*x + 130 = 16. Is x a composite number?
False
Let g(m) = 6*m**3 - 7*m**3 - 4*m**2 + 2*m**3 + 4*m. Let y be g(3). Let a = y - -3. Is a compos